{"id":47,"date":"2026-02-17T11:10:34","date_gmt":"2026-02-17T14:10:34","guid":{"rendered":"https:\/\/anapolisgoleg.nucleo.site\/memorial-da-camara\/?page_id=47"},"modified":"2026-02-17T11:10:34","modified_gmt":"2026-02-17T14:10:34","slug":"galerias-do-legislativo","status":"publish","type":"page","link":"https:\/\/anapolis.go.leg.br\/memorial-da-camara\/galerias-do-legislativo\/","title":{"rendered":"Galerias do Legislativo"},"content":{"rendered":"\n<p>A C\u00e2mara Municipal de An\u00e1polis, que desde a instala\u00e7\u00e3o da Vila de Sant\u2019Ana das Antas, em 1892, quando era denominado Conselho Municipal, escreve importante hist\u00f3ria de constru\u00e7\u00e3o democr\u00e1tica da sociedade Anapolina. Al\u00e9m de elaborar leis e fiscalizar a aplica\u00e7\u00e3o dos recursos p\u00fablicos, tem como mister conferir t\u00edtulos de reconhecimento a pessoas que prestam relevante servi\u00e7o \u00e0 comunidade.<\/p>\n\n\n\n<p>As informa\u00e7\u00f5es contidas neste espa\u00e7o integram Projeto de Preserva\u00e7\u00e3o Hist\u00f3rica do Poder Legislativo, orientado pela Mesa Diretora da C\u00e2mara, elaborado pelo Centro de Pesquisas e Documenta\u00e7\u00e3o (Cepedoc), e Diretoria de Comunica\u00e7\u00e3o e Cerimonial. Os pesquisadores interessados podem acessar dados sobre os presidentes que comandaram esta Casa de Leis ao longo destes quase 130 anos de a\u00e7\u00e3o parlamentar no munic\u00edpio.<\/p>\n\n\n\n<p>Tamb\u00e9m ficam \u00e0 disposi\u00e7\u00e3o informa\u00e7\u00f5es sobre todas as honrarias concedidas pela C\u00e2mara. A principal e mais importante \u00e9 o T\u00edtulo Honor\u00e1rio de Cidadania Anapolina, que se constitui ato oficial e solene, que torna cidad\u00e3os e cidad\u00e3s anapolinos de fato e de direito. A Comenda Henrique Santillo, outorgada anualmente no m\u00eas de dezembro, reconhece o trabalho de personalidades em favor do desenvolvimento de An\u00e1polis em todos os setores.&nbsp;<\/p>\n\n\n\n<p>A Comenda Homero Ferreira da Cunha, cuja outorga ocorre no m\u00eas de agosto, celebra a data de funda\u00e7\u00e3o da Vila Jaiara (21.08.1948). A Medalha Dulce de Faria \u00e9 conferida no m\u00eas de mar\u00e7o, em homenagem \u00e0 mulher. A Medalha Professora Nadyr de Souza Andrade reconhece, no m\u00eas de outubro, a import\u00e2ncia da figura do professor na constru\u00e7\u00e3o de uma sociedade mais justa e consciente. A Medalha G\u00e9rson Pereira de Ara\u00fajo \u00e9 entregue no in\u00edcio do m\u00eas de novembro e celebra o Dia do Servidor P\u00fablico, comemorado em 30 de outubro.<\/p>\n\n\n\n<p>As Galerias do Legislativo, portanto, significam o resgate da hist\u00f3ria da C\u00e2mara Municipal de An\u00e1polis e sua rela\u00e7\u00e3o \u00edntima com os mais profundos desejos da popula\u00e7\u00e3o. O Poder Legislativo, como a \u2018Casa do Povo\u2019, constitui-se de pessoas que se investem de mandato eletivo para representar todos os segmentos sociais. Portanto, \u00e9 digno que esta caminhada seja registrada, para que as pessoas se lembrem que a C\u00e2mara \u00e9 a ess\u00eancia da luta pelo interesse p\u00fablico.<\/p>\n","protected":false},"excerpt":{"rendered":"","protected":false},"author":1,"featured_media":0,"parent":0,"menu_order":0,"comment_status":"closed","ping_status":"closed","template":"","meta":{"_acf_changed":false,"_seopress_robots_primary_cat":"","_seopress_titles_title":"","_seopress_titles_desc":"","_seopress_robots_index":"","custom_icon_class":"","footnotes":""},"class_list":["post-47","page","type-page","status-publish","hentry"],"acf":[],"custom_icon_class":false,"tax_custom_icon_class":false,"default_custom_icon_class":"nmi--wysiwyg","singularTaxonomy":"P\u00e1gina","_links":{"self":[{"href":"https:\/\/anapolis.go.leg.br\/memorial-da-camara\/wp-json\/wp\/v2\/pages\/47","targetHints":{"allow":["GET"]}}],"collection":[{"href":"https:\/\/anapolis.go.leg.br\/memorial-da-camara\/wp-json\/wp\/v2\/pages"}],"about":[{"href":"https:\/\/anapolis.go.leg.br\/memorial-da-camara\/wp-json\/wp\/v2\/types\/page"}],"author":[{"embeddable":true,"href":"https:\/\/anapolis.go.leg.br\/memorial-da-camara\/wp-json\/wp\/v2\/users\/1"}],"replies":[{"embeddable":true,"href":"https:\/\/anapolis.go.leg.br\/memorial-da-camara\/wp-json\/wp\/v2\/comments?post=47"}],"version-history":[{"count":1,"href":"https:\/\/anapolis.go.leg.br\/memorial-da-camara\/wp-json\/wp\/v2\/pages\/47\/revisions"}],"predecessor-version":[{"id":48,"href":"https:\/\/anapolis.go.leg.br\/memorial-da-camara\/wp-json\/wp\/v2\/pages\/47\/revisions\/48"}],"wp:attachment":[{"href":"https:\/\/anapolis.go.leg.br\/memorial-da-camara\/wp-json\/wp\/v2\/media?parent=47"}],"curies":[{"name":"wp","href":"https:\/\/api.w.org\/{rel}","templated":true}]}}

<p>A Câmara Municipal de Anápolis, que desde a instalação da Vila de Sant’Ana das Antas, em 1892, quando era denominado Conselho Municipal, escreve importante história de construção democrática da sociedade Anapolina. Além de elaborar leis e fiscalizar a aplicação dos recursos públicos, tem como mister conferir títulos de reconhecimento a pessoas que prestam relevante serviço à comunidade.</p>



<p>As informações contidas neste espaço integram Projeto de Preservação Histórica do Poder Legislativo, orientado pela Mesa Diretora da Câmara, elaborado pelo Centro de Pesquisas e Documentação (Cepedoc), e Diretoria de Comunicação e Cerimonial. Os pesquisadores interessados podem acessar dados sobre os presidentes que comandaram esta Casa de Leis ao longo destes quase 130 anos de ação parlamentar no município.</p>



<p>Também ficam à disposição informações sobre todas as honrarias concedidas pela Câmara. A principal e mais importante é o Título Honorário de Cidadania Anapolina, que se constitui ato oficial e solene, que torna cidadãos e cidadãs anapolinos de fato e de direito. A Comenda Henrique Santillo, outorgada anualmente no mês de dezembro, reconhece o trabalho de personalidades em favor do desenvolvimento de Anápolis em todos os setores.&nbsp;</p>



<p>A Comenda Homero Ferreira da Cunha, cuja outorga ocorre no mês de agosto, celebra a data de fundação da Vila Jaiara (21.08.1948). A Medalha Dulce de Faria é conferida no mês de março, em homenagem à mulher. A Medalha Professora Nadyr de Souza Andrade reconhece, no mês de outubro, a importância da figura do professor na construção de uma sociedade mais justa e consciente. A Medalha Gérson Pereira de Araújo é entregue no início do mês de novembro e celebra o Dia do Servidor Público, comemorado em 30 de outubro.</p>



<p>As Galerias do Legislativo, portanto, significam o resgate da história da Câmara Municipal de Anápolis e sua relação íntima com os mais profundos desejos da população. O Poder Legislativo, como a ‘Casa do Povo’, constitui-se de pessoas que se investem de mandato eletivo para representar todos os segmentos sociais. Portanto, é digno que esta caminhada seja registrada, para que as pessoas se lembrem que a Câmara é a essência da luta pelo interesse público.</p>

Página
